 the highest common divisor of 79 and 27297107.
79
Calculate the highest common divisor of 9276302 and 728098.
5558
What is the greatest common divisor of 308 and 125962?
2
Calculate the highest common divisor of 713 and 126056695.
31
Calculate the highest common divisor of 64524585 and 795.
795
What is the highest common factor of 299 and 7358013?
13
What is the greatest common divisor of 330 and 103418832?
66
Calculate the greatest common factor of 2921 and 46451375.
23
Calculate the highest common divisor of 284 and 29248.
4
Calculate the highest common divisor of 66 and 18598470.
66
Calculate the highest common divisor of 14220 and 674865.
45
Calculate the highest common divisor of 27120 and 94344.
24
What is the greatest common divisor of 104 and 33223528?
104
Calculate the highest common factor of 8742 and 28720.
2
What is the highest common divisor of 428059 and 13?
1
What is the greatest common factor of 83018 and 211978?
806
What is the greatest common factor of 3323961 and 1225131?
4881
Calculate the greatest common divisor of 143786 and 3842.
34
Calculate the highest common divisor of 69 and 841019679.
69
What is the greatest common divisor of 4329481 and 481?
481
What is the highest common divisor of 556 and 86358754?
278
Calculate the greatest common divisor of 66 and 331386506.
22
What is the greatest common factor of 2 and 3669350?
2
Calculate the greatest common factor of 23684 and 38184529.
5921
What is the highest common divisor of 50259187 and 1597?
1597
What is the highest common factor of 1925 and 3207400?
175
Calculate the greatest common factor of 19668 and 68439723.
4917
What is the highest common factor of 12 and 36687988?
4
Calculate the greatest common divisor of 133122 and 15972.
66
Calculate the greatest common divisor of 86045430 and 70.
10
What is the highest common factor of 6965278 and 6148?
58
What is the greatest common divisor of 1587 and 179967?
3
What is the highest common factor of 284425 and 524675?
775
Calculate the highest common divisor of 10384 and 291696.
944
Calculate the highest common factor of 176 and 141645955.
11
What is the greatest common divisor of 713958 and 70097?
191
What is the greatest common factor of 161443 and 6307411?
5567
Calculate the highest common factor of 440827 and 34.
17
Calculate the greatest common divisor of 21 and 106391.
1
Calculate the greatest common divisor of 5542050 and 600.
150
Calculate the greatest common factor of 24434 and 17594.
38
What is the highest common factor of 50522984 and 32?
8
Calculate the highest common divisor of 65281299 and 218.
109
Calculate the highest common factor of 57036665 and 805.
805
Calculate the highest common divisor of 21952 and 1526350.
686
What is the highest common factor of 1591123 and 7806?
1301
Calculate the greatest common divisor of 57671 and 240391.
571
Calculate the highest common divisor of 31672166 and 257.
257
Calculate the highest common factor of 2748492 and 96.
12
What is the highest common divisor of 16416 and 72435087?
513
Calculate the highest common divisor of 71264 and 2187288.
136
Calculate the highest common factor of 2270393542 and 106.
106
Calculate the highest common divisor of 733420 and 1660.
20
What is the highest common factor of 440 and 453400?
40
What is the highest common divisor of 18 and 29673372?
6
What is the greatest common divisor of 480402 and 220194?
234
Calculate the highest common factor of 2898 and 1474576.
46
Calculate the greatest common divisor of 9752 and 33744888.
424
Calculate the highest common divisor of 60295400 and 12800.
200
Calculate the greatest common factor of 108046 and 53311.
89
Calculate the greatest common divisor of 1085 and 117227740.
1085
Calculate the greatest common factor of 1544883708 and 348.
348
Calculate the highest common divisor of 316 and 2060.
4
What is the highest common divisor of 7385168 and 1398?
466
What is the greatest common factor of 28877615 and 130?
65
What is the greatest common divisor of 1006 and 17238816?
1006
What is the greatest common divisor of 32736 and 74436?
12
What is the highest common divisor of 54613 and 8060?
13
What is the highest common divisor of 24 and 2556537?
3
What is the highest common divisor of 14200 and 661061120?
2840
What is the greatest common divisor of 5684 and 298606?
98
Calculate the greatest common divisor of 4796550 and 40230.
270
Calculate the highest common factor of 179 and 6778014.
179
What is the highest common factor of 2375338 and 154?
14
Calculate the highest common factor of 567 and 1578204.
81
Calculate the highest common factor of 121 and 2148113.
121
What is the highest common divisor of 444625 and 3275?
25
Calculate the highest common factor of 8820 and 1052460.
180
What is the highest common divisor of 1 and 1967687?
1
Calculate the highest common divisor of 98077911 and 18423.
6141
Calculate the highest common factor of 1819094295 and 285.
285
Calculate the highest common factor of 83889 and 16601.
13
Calculate the greatest common divisor of 76 and 393475636.
76
Calculate the greatest common factor of 6515684 and 11995.
2399
What is the highest common divisor of 13779428 and 722592?
10036
Calculate the greatest common divisor of 1834664 and 897.
299
What is the greatest common factor of 62876324 and 308?
28
Calculate the highest common divisor of 35403696 and 72.
72
What is the highest common factor of 174662 and 5888?
46
Calculate the highest common divisor of 30888630 and 18.
18
What is the highest common divisor of 94868313 and 51?
51
Calculate the greatest common divisor of 6449373 and 334.
167
What is the highest common factor of 488360 and 418760?
1160
What is the greatest common factor of 194481120 and 194?
194
Calculate the greatest common factor of 395 and 527690.
5
What is the greatest common factor of 4415 and 3205?
5
What is the highest common factor of 8454779 and 14172?
1181
What is the greatest common factor of 17372679 and 367?
367
What is the highest common factor of 114985376 and 352?
352
Calculate the greatest common divisor of 20524 and 2212.
28
Calculate the highest common divisor of 36077580 and 548.
548
What is the greatest common divisor of 7462872 and 792?
72
Calculate the greatest common divisor of 39 and 120477669.
39
What is the greatest common factor of 5330 and 2261150?
410
What is the greatest common factor of 21597514 and 6610?
1322
Calculate the highest common divisor of 24 and 23512848.
24
What is the highest common factor of 1407 and 14644056?
1407
What is the highest common divisor of 17655 and 328675110?
1605
Calculate the highest common factor of 5691 and 42731822.
1897
What is the highest common factor of 2300 and 105451550?
1150
Calculate the highest common divisor of 42630163 and 674.
337
Calculate the highest common divisor of 456234604 and 56.
28
Calculate the greatest common divisor of 219101335 and 644.
23
Calculate the highest common factor of 25120 and 151505.
785
What is the highest common divisor of 12852 and 184008?
204
Calculate the greatest common factor of 5957655 and 9735.
165
What is the greatest common divisor of 799149200 and 1072?
1072
What is the greatest common factor of 199323535 and 1475?
295
Calculate the greatest common factor of 528 and 79024143.
33
What is the greatest common divisor of 58934 and 159644?
746
Calculate the greatest common factor of 114 and 13899754.
38
What is the highest common divisor of 3607510 and 37630?
710
What is the highest common factor of 296623175 and 50?
25
What is the greatest common divisor of 17 and 581121353?
17
Calculate the highest common divisor of 1063728 and 2206488.
2136
What is the greatest common divisor of 1067 and 208453?
97
Calculate the highest common divisor of 344 and 1305002700.
172
Calculate the greatest common divisor of 3472 and 1928944.
496
Calculate the highest common divisor of 11 and 6275006837.
11
Calculate the greatest common factor of 3300444 and 77.
7
Calculate the highest common factor of 1309 and 786743.
17
What is the greatest common divisor of 1660 and 250826?
166
What is the greatest common divisor of 2479092 and 4158?
462
Calculate the greatest common divisor of 6550074 and 9853.
167
Calculate the greatest common divisor of 147 and 7613767.
49
What is the highest